{"id":393,"date":"2023-12-08T14:48:45","date_gmt":"2023-12-08T13:48:45","guid":{"rendered":"https:\/\/dlm-conseil.fr\/?page_id=393"},"modified":"2025-10-05T12:49:39","modified_gmt":"2025-10-05T10:49:39","slug":"quoi-de-neuf","status":"publish","type":"page","link":"https:\/\/dlm-conseil.fr\/?page_id=393","title":{"rendered":"Parcoursup 2026"},"content":{"rendered":"\t\t<div data-elementor-type=\"wp-page\" data-elementor-id=\"393\" class=\"elementor elementor-393\">\n\t\t\t\t<div class=\"elementor-element elementor-element-399935e5 e-flex e-con-boxed e-con e-parent\" data-id=\"399935e5\" data-element_type=\"container\" data-core-v316-plus=\"true\">\n\t\t\t\t\t<div class=\"e-con-inner\">\n\t\t\t\t<div class=\"elementor-element elementor-element-509a5789 elementor-widget elementor-widget-text-editor\" data-id=\"509a5789\" data-element_type=\"widget\" data-widget_type=\"text-editor.default\">\n\t\t\t\t<div class=\"elementor-widget-container\">\n\t\t\t<style>\/*! elementor - v3.20.0 - 13-03-2024 *\/\n.elementor-widget-text-editor.elementor-drop-cap-view-stacked .elementor-drop-cap{background-color:#69727d;color:#fff}.elementor-widget-text-editor.elementor-drop-cap-view-framed .elementor-drop-cap{color:#69727d;border:3px solid;background-color:transparent}.elementor-widget-text-editor:not(.elementor-drop-cap-view-default) .elementor-drop-cap{margin-top:8px}.elementor-widget-text-editor:not(.elementor-drop-cap-view-default) .elementor-drop-cap-letter{width:1em;height:1em}.elementor-widget-text-editor .elementor-drop-cap{float:left;text-align:center;line-height:1;font-size:50px}.elementor-widget-text-editor .elementor-drop-cap-letter{display:inline-block}<\/style>\t\t\t\t<!-- wp:heading {\"level\":4} -->\n<h4 id=\"titreChapitre_2834906747139320541\" class=\"wp-block-heading\">Les dates \u00e0 retenir<\/h4>\n<!-- \/wp:heading --><!-- wp:paragraph -->\n<p>La proc\u00e9dure sur la plateforme Parcoursup se d\u00e9roule en plusieurs \u00e9tapes\u00a0:<\/p>\n<!-- \/wp:paragraph --><!-- wp:list -->\n<ul><!-- wp:list-item -->\n<li><strong>D\u00e9cembre 2025 :<\/strong>\u00a0ouverture du site d&rsquo;information\u00a0<a href=\"https:\/\/www.parcoursup.fr\/\" target=\"_blank\" rel=\"noreferrer noopener\">parcoursup.fr<\/a>\u00a0pour consulter l&rsquo;offre de formation\u00a0;<\/li>\n<!-- \/wp:list-item --><!-- wp:list-item -->\n<li><strong>Mi-janvier 2026 :<\/strong>\u00a0d\u00e9but des inscriptions et de la formulation des v\u0153ux (10\u00a0v\u0153ux maximum)\u00a0;<\/li>\n<!-- \/wp:list-item --><\/ul>\n<!-- \/wp:list --><!-- wp:list -->\n<ul><!-- wp:list-item -->\n<li><strong>Mi-mars 2026 :<\/strong> date limite de d\u00e9p\u00f4t des v\u0153ux (apr\u00e8s cette date, il n&rsquo;est plus possible d&rsquo;ajouter ou de modifier des v\u0153ux dans son dossier, hors v\u0153ux en apprentissage dont les r\u00e8gles sont sp\u00e9cifiques) ;<\/li>\n<!-- \/wp:list-item --><!-- wp:list-item -->\n<li><strong>D\u00e9but avril 2026 :<\/strong>\u00a0date limite pour compl\u00e9ter son dossier et confirmer ses v\u0153ux\u00a0;<\/li>\n<!-- \/wp:list-item --><!-- wp:list-item -->\n<li><strong>Juin \u00e0 juillet 2026 :<\/strong> lancement de la phase principale d&rsquo;admission (r\u00e9ponses des formations).\u00a0<\/li>\n<!-- \/wp:list-item --><\/ul>\n<!-- \/wp:list -->\t\t\t\t\t\t<\/div>\n\t\t\t\t<\/div>\n\t\t\t\t\t<\/div>\n\t\t\t\t<\/div>\n\t\t\t\t<\/div>\n\t\t","protected":false},"excerpt":{"rendered":"<p>Les dates \u00e0 retenir La proc\u00e9dure sur la plateforme Parcoursup se d\u00e9roule en plusieurs \u00e9tapes\u00a0:<\/p>\n","protected":false},"author":1,"featured_media":0,"parent":0,"menu_order":0,"comment_status":"closed","ping_status":"closed","template":"","meta":{"site-sidebar-layout":"default","site-content-layout":"","ast-site-content-layout":"","site-content-style":"default","site-sidebar-style":"default","ast-global-header-display":"","ast-banner-title-visibility":"","ast-main-header-display":"","ast-hfb-above-header-display":"","ast-hfb-below-header-display":"","ast-hfb-mobile-header-display":"","site-post-title":"","ast-breadcrumbs-content":"","ast-featured-img":"","footer-sml-layout":"","theme-transparent-header-meta":"","adv-header-id-meta":"","stick-header-meta":"","header-above-stick-meta":"","header-main-stick-meta":"","header-below-stick-meta":"","astra-migrate-meta-layouts":"","ast-page-background-enabled":"default","ast-page-background-meta":{"desktop":{"background-color":"var(--ast-global-color-4)","background-image":"","background-repeat":"repeat","background-position":"center center","background-size":"auto","background-attachment":"scroll","background-type":"","background-media":"","overlay-type":"","overlay-color":"","overlay-gradient":""},"tablet":{"background-color":"","background-image":"","background-repeat":"repeat","background-position":"center center","background-size":"auto","background-attachment":"scroll","background-type":"","background-media":"","overlay-type":"","overlay-color":"","overlay-gradient":""},"mobile":{"background-color":"","background-image":"","background-repeat":"repeat","background-position":"center center","background-size":"auto","background-attachment":"scroll","background-type":"","background-media":"","overlay-type":"","overlay-color":"","overlay-gradient":""}},"ast-content-background-meta":{"desktop":{"background-color":"var(--ast-global-color-5)","background-image":"","background-repeat":"repeat","background-position":"center center","background-size":"auto","background-attachment":"scroll","background-type":"","background-media":"","overlay-type":"","overlay-color":"","overlay-gradient":""},"tablet":{"background-color":"var(--ast-global-color-5)","background-image":"","background-repeat":"repeat","background-position":"center center","background-size":"auto","background-attachment":"scroll","background-type":"","background-media":"","overlay-type":"","overlay-color":"","overlay-gradient":""},"mobile":{"background-color":"var(--ast-global-color-5)","background-image":"","background-repeat":"repeat","background-position":"center center","background-size":"auto","background-attachment":"scroll","background-type":"","background-media":"","overlay-type":"","overlay-color":"","overlay-gradient":""}},"footnotes":""},"_links":{"self":[{"href":"https:\/\/dlm-conseil.fr\/index.php?rest_route=\/wp\/v2\/pages\/393"}],"collection":[{"href":"https:\/\/dlm-conseil.fr\/index.php?rest_route=\/wp\/v2\/pages"}],"about":[{"href":"https:\/\/dlm-conseil.fr\/index.php?rest_route=\/wp\/v2\/types\/page"}],"author":[{"embeddable":true,"href":"https:\/\/dlm-conseil.fr\/index.php?rest_route=\/wp\/v2\/users\/1"}],"replies":[{"embeddable":true,"href":"https:\/\/dlm-conseil.fr\/index.php?rest_route=%2Fwp%2Fv2%2Fcomments&post=393"}],"version-history":[{"count":11,"href":"https:\/\/dlm-conseil.fr\/index.php?rest_route=\/wp\/v2\/pages\/393\/revisions"}],"predecessor-version":[{"id":535,"href":"https:\/\/dlm-conseil.fr\/index.php?rest_route=\/wp\/v2\/pages\/393\/revisions\/535"}],"wp:attachment":[{"href":"https:\/\/dlm-conseil.fr\/index.php?rest_route=%2Fwp%2Fv2%2Fmedia&parent=393"}],"curies":[{"name":"wp","href":"https:\/\/api.w.org\/{rel}","templated":true}]}}